 + j - t = b. Calculate the highest common divisor of 110 and j.
22
Let m(g) = 12*g - 6. Let d be m(3). What is the highest common divisor of d and 45?
15
Let w be ((-8)/(-14))/(4/42). What is the greatest common divisor of 2 and w?
2
Suppose -3*f = -2*d - 606, 4*d - 3*f - f + 1204 = 0. Let t = -9 - d. What is the highest common divisor of t and 32?
32
Let b be 8/(-20) - 42/5*-1. Calculate the highest common divisor of b and 40.
8
Suppose 0 = -3*o - 15, -3*n + 3*o = -n - 47. Suppose -s = -2*s. Suppose 4*r - 359 - 89 = s. What is the highest common divisor of r and n?
16
Let z(v) = -v**3 - 4*v**2 - 3*v - 1. Let q be z(-2). Let y be 35 + q - 4/(-2). Let l = -35 + 86. What is the greatest common factor of l and y?
17
Suppose 7*m - 4*m - 4*p + 3 = 0, -4*p = 0. Let c be 6*3/6 - m. Let i be ((-2)/c)/(2/(-88)). What is the greatest common factor of i and 11?
11
Let d = 12 + -6. Let o = d - 4. Suppose 70 = 4*y - o. What is the highest common factor of 6 and y?
6
Let u be (-1 - 0)/(0 + -1). Let z be (-1*u)/((-5)/65). Let k be (18/(-4))/(3/(-78)). What is the greatest common factor of k and z?
13
Suppose 0 = 4*t - 7 - 5. What is the highest common divisor of t and 27?
3
Let b be (-1)/((-13)/(-6) + -2). Let p = b - -10. Let w be (p/(-5))/(2/(-5)). What is the highest common divisor of 2 and w?
2
Let s(a) = a**3 - 5*a**2 + 2*a - 5. Let h be s(5). Suppose 100 = q + h. Calculate the greatest common divisor of 19 and q.
19
Suppose o = -2 + 5. Let s be ((-1)/o)/(1/(-9)). Suppose 47 = s*b - 31. Calculate the greatest common factor of 13 and b.
13
Suppose -19 = -g - 0*g. Let w = g + -18. What is the highest common divisor of 1 and w?
1
Suppose -x + 6 = -0. Let n(h) = 2*h + 8. Let t be n(x). Let z = t - 14. Calculate the greatest common factor of z and 15.
3
Suppose -n = -6*n + 10. Suppose 1 = n*g + 5. Let c(j) = -5*j**3 - j**2 + 2*j. Let t be c(g). Calculate the greatest common divisor of t and 80.
16
Suppose 27*i - 32*i = -45. Calculate the greatest common factor of i and 99.
9
Suppose -2*g + 47 = -b, -3*g + 41 = -4*b - 32. Calculate the greatest common divisor of 23 and g.
23
Let c(a) = -3*a**3 - a**2. Let d be c(1). Let v(z) = z**2 - z + 2. Let j be v(d). Calculate the greatest common divisor of j and 44.
22
Suppose 7 = -3*y - 4*r, -2*y - 3 - 4 = 5*r. Let g be (-8)/4 + 9 + y. What is the greatest common divisor of 9 and g?
3
Let v be 3/(-9) + (-93)/(-9). Suppose -x - 4*x + v = 0. What is the greatest common divisor of x and 14?
2
Suppose 0 = -t + 133 - 53. Calculate the greatest common factor of t and 20.
20
Let r(c) = 6*c + 8. Let y be r(16). Calculate the highest common divisor of 8 and y.
8
Suppose 2*o = 4*o - 192. Let a be (1 - 4)*5/(15/(-24)). What is the greatest common divisor of a and o?
24
Suppose -3*b + 64 = -5*u, 34 = 2*b + u - 0*u. Suppose -4*k - o + 990 = k, o + 396 = 2*k. Calculate the greatest common factor of b and k.
18
Let u be (3 - 3 - 1)*-1. What is the greatest common factor of u and 7?
1
Let a = -5 + 14. Suppose 0 = 3*t + 4*m + 8, t + 0*t + 11 = -3*m. Suppose 27 = t*z - z. Calculate the greatest common divisor of z and a.
9
Let p be 2/(-6) - 34/(-3). Suppose 12*b = 7*b + 275. Calculate the greatest common divisor of p and b.
11
Let j(v) = -v**3 - 5*v**2 - 5*v - 2. Let u be j(-4). Let b be (-24)/(-30)*5/2. Calculate the highest common factor of b and u.
2
Let h(t) = t**3 + t**2 + 2*t + 20. Let j be h(0). Calculate the highest common factor of j and 8.
4
Let y be 1 - 128 - 0/4. Let h be y + -3 + (-4)/(-1). Let v = h - -180. Calculate the greatest common divisor of 6 and v.
6
Let h = 109 - 25. Calculate the highest common divisor of h and 8.
4
Suppose -3*b + 0 = -39. Let n(f) = 11*f + 9. Let i be n(11). What is the greatest common factor of i and b?
13
Let n = -2 - -6. Suppose 5*d = 20, n*c = 2*d + 51 + 1. Let t be -50*((-33)/c - -1). Calculate the greatest common factor of 15 and t.
15
Let k = 1 + 20. What is the greatest common divisor of k and 147?
21
Let v be 7/2 - 1/(-2). Suppose -f + v*n + 60 = -0*f, -f + n = -48. Calculate the highest common factor of f and 11.
11
Let u be (-2)/((0 + -2)/16). What is the greatest common divisor of 4 and u?
4
Let p = 2 + 4. What is the greatest common divisor of 18 and p?
6
Let q(x) = -7*x + 17. Let m(y) = 8*y - 17. Let r(f) = 6*m(f) + 7*q(f). Let i be r(8). Calculate the highest common factor of i and 9.
9
Let x be (-2)/(-3*8/84) + 2. Calculate the highest common factor of x and 3.
3
Let i(u) = 15*u - 39. Let t be i(18). What is the greatest common factor of 21 and t?
21
Suppose 0*n = -n. Suppose -h + 3 + 53 = n. Calculate the highest common factor of 7 and h.
7
Suppose 2*v = g + 89, 3*v - 63 - 58 = -g. What is the greatest common divisor of 6 and v?
6
Let d be 94/14 + 2/7. Suppose -5*n = 5*l - 100, 0*n = n + 3*l - 22. Let m = -12 + n. Calculate the highest common divisor of m and d.
7
Let z(k) be the first derivative of 155*k**4/4 - k**3/3 - 4. Let j be z(1). What is the highest common factor of 14 and j?
14
Let c be (-6)/21 + 46/14. Let w = -29 + 50. Calculate the greatest common factor of w and c.
3
Suppose 0*b - 31 = -4*b + 5*m, b = -3*m - 5. Suppose 0 = -3*j - 2*p + 1, b*j - 2*p = 6*j. Calculate the greatest common divisor of j and 1.
1
Suppose -3*m - m + 4 = 0, 2*z - 5*m - 23 = 0. Let r = -32 - -158. What is the greatest common divisor of z and r?
14
Let x(a) = a**2 + 7*a + 6. Let c be x(-7). Let s(b) = -2*b**3 - 7*b**2 + 3*b + 6. Let m be s(-5). Calculate the greatest common divisor of m and c.
6
Let k be 6/5*(-30)/9. Let m = k - -9. What is the highest common divisor of 5 and m?
5
Let s(a) = a**3 + 5*a**2 + 6*a + 2. Let z be s(-4). Let l(f) = -3*f. Let u be l(z). Calculate the highest common divisor of u and 18.
18
Let k = 226 + -135. What is the highest common divisor of k and 13?
13
Let c = 1 - -1. Let f be 1/1 - -1 - c. Suppose f = b - 5*b + 28. What is the greatest common factor of b and 49?
7
Suppose -6*q + 100 = -q. Suppose 0*p + q = 2*p. What is the highest common factor of p and 40?
10
Suppose 4*y - 21 = 19. Suppose 4*h = y + 2. Suppose -2*n = -h*x - x - 64, -220 = -5*n - 5*x. What is the greatest common factor of 8 and n?
8
Let i be 4 + (-3 - -4) + 46. What is the greatest common divisor of i and 17?
17
Let a = -92 - -102. Suppose -4*g = -g - 12. Suppose x + g*x = 10. What is the greatest common divisor of a and x?
2
Let a = -18 - -13. Let j(i) = i**2 + i - 5. Let o be j(a). Let u be (8 - -2)/((-3)/(-36)). Calculate the highest common divisor of o and u.
15
Suppose -7*d + 3*d - 52 = 0. Let f = 21 + d. Let i = -6 + 22. Calculate the greatest common divisor of f and i.
8
Suppose 3*v - 42 = 3*s, -2*s - 11 = -v + 2. Suppose 0 = 5*k - 0 - v, 0 = -4*y + k + 417. What is the highest common factor of 42 and y?
21
Suppose -d - 233 = -4*w, -4*d - 109 - 69 = -3*w. Suppose 54 = 4*o - l - 5, 5*o = -4*l + w. Calculate the highest common factor of o and 21.
7
Let q = -114 + -117. Let a = q + 366. Let j = -33 + 48. Calculate the greatest common factor of a and j.
15
Let p be (12/(-10))/((-5)/(525/6)). Suppose 21 = -u + 2*u. Calculate the greatest common divisor of u and p.
21
Suppose -b - 19 - 19 = 3*l, l + 15 = 2*b. Let k = l - -27. What is the highest common divisor of 2 and k?
2
Suppose 3*m = 22 + 5. What is the greatest common factor of 63 and m?
9
Let l(t) = t + 12. Let j be l(-6). Let c(g) = 3*g**2 + 9*g. Let f be c(-6). Calculate the greatest common factor of j and f.
6
Suppose a + 58 = -a. Let y = a - -50. Suppose -3*d + y + 14 = -5*w, -d + 14 = -4*w. What is the greatest common factor of 10 and d?
10
Let r(d) = -d - 12. Let w be r(-10). Let v be 3 + w/2 + 28. Calculate the highest common factor of 45 and v.
15
Let j be (-4)/18 - 290/(-9). Let v be j - (-2 + 6 + -3). Suppose 5*g - 24 = v. Calculate the highest common factor of 1 and g.
1
Let q(u) be the first derivative of -7*u**2/2 + 3*u + 1. Let t be q(-3). Calculate the highest common factor of 8 and t.
8
Suppose 5*h - 4*q - 69 = 426, h + 4*q = 99. What is the greatest common divisor of 33 and h?
33
Let q = 23 + -9. Let u = -74 - -39. Let c be ((-28)/5)/(7/u). Calculate the highest common factor of c and q.
14
Suppose -9 = -3*p - 3. Let b be 30/9 - p/6. Calculate the greatest common divisor of 1 and b.
1
Let q = -19 - -24. Suppose 0